{"version":"1.0","provider_name":"Transmission","provider_url":"https:\/\/07zr.com\/blog\/fr","author_name":"Webmaster 07ZR","author_url":"https:\/\/07zr.com\/blog\/fr\/author\/webmaster-07zr\/","title":"Norme Euro 7 en 2026 : quels impacts concrets pour les garages ? -","type":"rich","width":600,"height":338,"html":"<blockquote class=\"wp-embedded-content\" data-secret=\"1ngtI3xNhg\"><a href=\"https:\/\/07zr.com\/blog\/fr\/norme-euro-7-garages-impacts-2026\/\">Norme Euro 7 en 2026 : quels impacts concrets pour les garages ?<\/a><\/blockquote><iframe sandbox=\"allow-scripts\" security=\"restricted\" src=\"https:\/\/07zr.com\/blog\/fr\/norme-euro-7-garages-impacts-2026\/embed\/#?secret=1ngtI3xNhg\" width=\"600\" height=\"338\" title=\"\u00ab\u00a0Norme Euro 7 en 2026 : quels impacts concrets pour les garages ?\u00a0\u00bb &#8212; Transmission\" data-secret=\"1ngtI3xNhg\" frameborder=\"0\" marginwidth=\"0\" marginheight=\"0\" scrolling=\"no\" class=\"wp-embedded-content\"><\/iframe><script type=\"text\/javascript\">\n\/* <![CDATA[ *\/\n\/*! This file is auto-generated *\/\n!function(d,l){\"use strict\";l.querySelector&&d.addEventListener&&\"undefined\"!=typeof URL&&(d.wp=d.wp||{},d.wp.receiveEmbedMessage||(d.wp.receiveEmbedMessage=function(e){var t=e.data;if((t||t.secret||t.message||t.value)&&!\/[^a-zA-Z0-9]\/.test(t.secret)){for(var s,r,n,a=l.querySelectorAll('iframe[data-secret=\"'+t.secret+'\"]'),o=l.querySelectorAll('blockquote[data-secret=\"'+t.secret+'\"]'),c=new RegExp(\"^https?:$\",\"i\"),i=0;i<o.length;i++)o[i].style.display=\"none\";for(i=0;i<a.length;i++)s=a[i],e.source===s.contentWindow&&(s.removeAttribute(\"style\"),\"height\"===t.message?(1e3<(r=parseInt(t.value,10))?r=1e3:~~r<200&&(r=200),s.height=r):\"link\"===t.message&&(r=new URL(s.getAttribute(\"src\")),n=new URL(t.value),c.test(n.protocol))&&n.host===r.host&&l.activeElement===s&&(d.top.location.href=t.value))}},d.addEventListener(\"message\",d.wp.receiveEmbedMessage,!1),l.addEventListener(\"DOMContentLoaded\",function(){for(var e,t,s=l.querySelectorAll(\"iframe.wp-embedded-content\"),r=0;r<s.length;r++)(t=(e=s[r]).getAttribute(\"data-secret\"))||(t=Math.random().toString(36).substring(2,12),e.src+=\"#?secret=\"+t,e.setAttribute(\"data-secret\",t)),e.contentWindow.postMessage({message:\"ready\",secret:t},\"*\")},!1)))}(window,document);\n\/* ]]> *\/\n<\/script>\n","thumbnail_url":"https:\/\/07zr.com\/blog\/wp-content\/uploads\/2026\/01\/Norme-Euro-7-en-2026-1-1.png","thumbnail_width":600,"thumbnail_height":225,"description":"La norme Euro 7 marque une nouvelle \u00e9tape dans la r\u00e9glementation automobile europ\u00e9enne. Son entr\u00e9e en application progressive \u00e0 partir de 2026 va modifier en profondeur les exigences li\u00e9es aux \u00e9missions polluantes, \u00e0 la durabilit\u00e9 des composants et aux contr\u00f4les techniques des v\u00e9hicules thermiques et hybrides. Pour les garages, Euro 7 ne se r\u00e9sume pas [&hellip;]"}

La norme Euro 7 marque une nouvelle étape dans la réglementation automobile européenne. Son entrée en application progressive à partir de 2026 va modifier en profondeur les exigences liées aux émissions polluantes, à la durabilité des composants et aux contrôles techniques des véhicules thermiques et hybrides. Pour les garages, Euro 7 ne se résume pas [&hellip;]
